1) in base 8?
25435
105134 (base 10) to base 7
615341
What is c9512a (base 13) in base 7?
55102611
Convert -101102212220 (base 3) to base 5.
-23033434
Convert -11001111111011001 (base 2) to base 4.
-121333121
Convert 823ab (base 14) to base 11.
1a4640
101100310 (base 4) to base 9
116884
3140315 (base 7) to base 11
23a156
Convert -435409 (base 16) to base 7.
-52335133
-1434246 (base 7) to base 8
-572060
-c2535c (base 16) to base 9
-25860520
Convert 24a117b (base 12) to base 11.
40619a3
What is -c763 (base 15) in base 9?
-63753
What is -15144124 (base 6) in base 16?
-80af4
Convert -5585 (base 16) to base 7.
-120554
What is 164202053 (base 7) in base 3?
210002120120222
Convert -1411212 (base 6) to base 4.
-103113320
What is -110200122122 (base 3) in base 11?
-160746
What is 23425204 (base 6) in base 11?
461a92
-160200 (base 7) to base 2
-111101001001111
20122112210 (base 3) to base 2
11111111101001010
-1302003023 (base 5) to base 8
-14025236
Convert -120756 (base 11) to base 13.
-6907b
What is -121146023 (base 7) in base 2?
-11100110101001110000110
-1404400201 (base 5) to base 4
-31230220110
Convert -11100011202122 (base 3) to base 6.
-121233412
Convert 25811 (base 14) to base 5.
10422020
Convert -110253404 (base 6) to base 12.
-7b7264
Convert 740ba (base 14) to base 15.
57ea2
Convert 35251 (base 11) to base 13.
1a207
Convert -11112200010 (base 3) to base 11.
-61208
Convert 2df09 (base 16) to base 9.
316106
What is 110010111001100000 (base 2) in base 14?
55d96
101011001011100001001 (base 2) to base 8
5313411
What is -c0b713 (base 13) in base 5?
-2121342012
What is -315305 (base 8) in base 10?
-105157
What is 1120202130 (base 4) in base 13?
c90b4
d4d7a (base 15) to base 7
5506645
Convert -992b46 (base 13) to base 2.
-1101110000001000000101
-2355103 (base 6) to base 5
-12433424
Convert 60345c (base 13) to base 2.
1000100001101011011110
Convert 1000100111001101110010 (base 2) to base 11.
1302336
What is 4a7a92 (base 13) in base 15?
254b80
What is -2447444 (base 12) in base 4?
-122330112310
What is 410348 (base 12) in base 15?
151302
What is 130232213 (base 5) in base 10?
633433
Convert 5a61c (base 13) to base 3.
22102110021
13938 (base 10) to base 3
201010020
-25b4aa (base 13) to base 5
-213112444
1709403 (base 10) to base 11
a68333
What is 2a78817 (base 13) in base 10?
13585423
-3555302 (base 6) to base 12
-8bb32
-27763407 (base 8) to base 13
-13c0995
-1303021112 (base 4) to base 12
-1a8b32
-10dbd3 (base 14) to base 10
-575837
What is -9aba0 (base 14) in base 5?
-44003410
What is 257b89 (base 13) in base 12?
376506
144541232 (base 6) to base 11
178a82a
What is -21000121331 (base 4) in base 12?
-95a365
121021111220 (base 3) to base 9
537456
What is -495bc3 (base 15) in base 8?
-15314522
Convert 10111010111010 (base 2) to base 13.
55a2
-1011110011111001011010 (base 2) to base 13
-845359
-4416548 (base 10) to base 15
-5c3918
6b56b (base 15) to base 10
342101
Convert 337e6 (base 15) to base 5.
20220131
114655 (base 10) to base 13
40258
3300222 (base 6) to base 11
10182a
-3a6e0 (base 15) to base 4
-231230301
What is 101313341 (base 5) in base 4?
1211233101
What is 2140120 (base 7) in base 14?
6b580
What is 1200376 (base 8) in base 13?
b6359
What is dd0a (base 14) in base 12?
1a15a
What is -476a1 (base 15) in base 12?
-ab88a
Convert -11704cd (base 14) to base 13.
-195ba9c
Convert -2202100 (base 5) to base 6.
-450515
Convert -11324110 (base 5) to base 12.
-50861
-14100323 (base 5) to base 12
-6b2a6
-303b3b (base 13) to base 11
-6a7295
Convert 2e96a (base 15) to base 8.
446141
-1032223021 (base 4) to base 12
-1365a1
What is -10131340 (base 5) in base 8?
-242621
Convert -250601 (base 11) to base 7.
-3236422
What is -a7340 (base 14) in base 2?
-1100010101000101100
10011001231 (base 5) to base 16
9671ee
Convert 2350652 (base 9) to base 8.
4667027
What is 574521 (base 10) in base 11?
362712
What is -310311120 (base 4) in base 13?
-7766a
4413234 (base 5) to base 16
12925
-13347507 (base 8) to base 16
-2dcf47
-322333011 (base 4) to base 13
-85c80
Convert 80e2 (base 16) to base 13.
12030
Convert 220120221201021 (base 3) to base 6.
1144034354
What is -3144141 (base 5) in base 4?
-30330312
Convert -10110111011110111 (base 2) to base 15.
-1cc7d
-13213003121 (base 4) to base 7
-22646144
What is -84671 (base 10) in base 9?
-138128
-2111001112022 (base 3) to base 11
-821708
What is -492515 (base 11) in base 15?
-105d56
What is -114420411 (base 5) in base 7?
-4430142
What is -226324 (base 9) in base 2?
-100001001010110011
What is -26110243 (base 8) in base 12?
-1b3aaab
21611c0 (base 13) to base 11
5836566
-611c62 (base 16) to base 15
-85aa8d
What is 154056 (base 9) in base 12?
46a59
Convert -10210000203 (base 4) to base 14.
-231c55
Convert 1c67d3 (base 15) to base 4.
11103011202
What is 249266 (base 10) in base 9?
418832
-25a7ab (base 12) to base 2
-10010111010011110011
-2313523 (base 6) to base 2
-11100111111111011
1f033 (base 16) to base 7
1036225
What is 146738 (base 12) in base 10?
343196
What is -2a15d (base 14) in base 9?
-168367
Convert 1532404 (base 7) to base 2.
110011001101101101
Convert -20312212 (base 4) to base 3.
-1211202001
Convert 31414031 (base 5) to base 8.
1002731
-17253 (base 10) to base 5
-1023003
Convert -a27029 (base 11) to base 8.
-6224764
125220451 (base 6) to base 15
343177
What is 33df0 (base 16) in base 10?
212464
What is -297832b (base 12) in base 7?
-131102645
12443042 (base 5) to base 9
210135
-47690b (base 14) to base 3
-11120212220212
What is bb3159 (base 14) in base 11?
3645784
38a18 (base 11) to base 4
31213320
Convert -430576 (base 11) to base 10.
-688815
233133 (base 9) to base 15
2b789
What is 201111221 (base 4) in base 13?
4a201
What is -434074 (base 15) in base 12?
-10a56b4
Convert 1300321123 (base 4) to base 15.
92037
3611441 (base 8) to base 7
11253166
-3730047 (base 10) to base 6
-211540423
Convert 1030265 (base 8) to base 13.
97cc1
What is -5315763 (base 9) in base 14?
-540c34
Convert 481850 (base 10) to base 8.
1655072
Convert 6570857 (base 9) to base 11.
1aa1592
What is 4534075 (base 8) in base 14?
23d137
What is 40130025 (base 6) in base 14?
216481
What is 212b2a (base 13) in base 3?
1110111102221
What is -2044b (base 13) in base 3?
-2221101000
Convert -5cda38 (base 14) to base 7.
-36044601
What is 834716 (base 9) in base 12?
1ba959
What is 1100233253 (base 6) in base 4?
230323113201
What is -16302023 (base 7) in base 10?
-1580561
Convert abdc (base 16) to base 2.
1010101111011100
What is -160916 (base 10) in base 2?
-100111010010010100
107622 (base 10) to base 14
2b314
-5b0a24 (base 14) to base 8
-13701330
Convert 2519837 (base 12) to base 7.
115440361
What is 156240 (base 10) in base 12?
76500
Convert b5344 (base 16) to base 12.
2b9630
414300301 (base 5) to base 16
1a21c0
b05c0 (base 14) to base 7
3413230
Convert -2213033211 (base 4) to base 10.
-685029
-131032002 (base 5) to base 6
-21435412
1a5d39 (base 14) to base 9
1680088
Convert -25d22 (base 14) to base 2.
-10110101111001010
Convert 6b563 (base 13) to base 5.
22241314
What is -6cc77 (base 13) in base 15?
-3e33b
What is 1ba3a1 (base 12) in base 6?
14334321
Convert 212202100210 (base 3) to base 11.
29a309
Convert 1441547 (base 8) to base 5.
101113341
Convert 11000110000011111110 (base 2) to base 14.
171914
What is -102959 (base 10) in base 13?
-37b2c
Convert -b99cb (base 14) to base 2.
-1101101101010111111
What is 100202213 (base 7) in base 13?
12807b0
3aca83 (base 15) to base 10
2827248
Convert -46642a (base 11) to base 8.
-2646310
Convert -2b3b075 (base 12) to base 8.
-41420631
Convert 3215110 (base 7) to base 9.
654877
437b4 (base 14) to base 4
213321202
What is 2444253 (base 6) in base 7?
1052445
248104 (base 11) to base 7
3220136
What is 10011101000111011000 (base 2) in base 13?
196bc5
Convert 3a449b (base 13) to base 11.
882733
Convert 5991b4 (base 13) to base 14.
3d77a3
-727476 (base 8) to base 15
-4b830
-b8a68 (base 14) to base 8
-1550164
Convert -787473 (base 11) to base 4.
-10302033132
1a44852 (base 11) to base 6
201514132
What is 98101 (base 15) in base 10?
482851
What is 898430 (base 10) in base 15?
12b305
-767643 (base 8) to base 13
-90549
Convert 4701720 (base 8) to base 15.
1a3e1d
What is 1f6471 (base 16) in base 13?
570571
What is 730375 (base 8) 